195 a composite number?
True
Is 359 a prime number?
True
Is 17547 a composite number?
True
Is 1847 prime?
True
Is 318073 a composite number?
True
Is 30809 prime?
True
Is 716411 composite?
False
Is 60982 prime?
False
Is 3793 prime?
True
Is 69709 a prime number?
True
Is 343885 prime?
False
Is 39727 a prime number?
True
Is 9897 composite?
True
Is 3994841 a prime number?
True
Is 105601 prime?
True
Is 418567 a prime number?
False
Is 5669 a composite number?
False
Is 527723 prime?
False
Is 5669 prime?
True
Is 15637 a prime number?
False
Is 60322 a composite number?
True
Is 48917 a composite number?
True
Is 68549 composite?
True
Is 18841 a prime number?
False
Is 25337 a prime number?
False
Is 1481 prime?
True
Is 5147 composite?
False
Is 34543 a composite number?
False
Is 512711 prime?
True
Is 65749 a composite number?
True
Is 12381 a prime number?
False
Is 967 composite?
False
Is 91121 a prime number?
True
Is 90163 prime?
True
Is 94573 prime?
True
Is 529 composite?
True
Is 16837 prime?
False
Is 115127 a prime number?
True
Is 27955 prime?
False
Is 601973 prime?
False
Is 1892983 prime?
True
Is 993943 composite?
False
Is 272531 a prime number?
False
Is 1378499 composite?
False
Is 107287 a prime number?
False
Is 3551 prime?
False
Is 102117 a composite number?
True
Is 6238 composite?
True
Is 8497 a prime number?
False
Is 473941 prime?
False
Is 33361 composite?
True
Is 1548539 composite?
False
Is 144839 composite?
False
Is 8927 a prime number?
False
Is 1181 prime?
True
Is 145594 a composite number?
True
Is 7069 a composite number?
False
Is 131753 composite?
True
Is 23117 a composite number?
False
Is 14995 prime?
False
Is 143614 prime?
False
Is 3413 a prime number?
True
Is 7219 a prime number?
True
Is 60719 a composite number?
False
Is 4321 prime?
False
Is 509954 prime?
False
Is 548239 a composite number?
False
Is 44995 prime?
False
Is 23269 a prime number?
True
Is 6866723 composite?
False
Is 788261 a composite number?
False
Is 1709 a composite number?
False
Is 20841 composite?
True
Is 74353 prime?
True
Is 19 prime?
True
Is 9199 composite?
False
Is 73643 a composite number?
False
Is 199895 prime?
False
Is 800647 composite?
False
Is 277007 a composite number?
False
Is 18583 a prime number?
True
Is 497833 a composite number?
True
Is 15599 composite?
True
Is 10981 composite?
True
Is 342527 a prime number?
True
Is 7451 prime?
True
Is 4049 a prime number?
True
Is 18041 a prime number?
True
Is 14173 a composite number?
False
Is 22853 composite?
False
Is 6247 a composite number?
False
Is 96137 a composite number?
False
Is 80489 a composite number?
False
Is 86311 composite?
False
Is 79087 a prime number?
True
Is 181439 a composite number?
False
Is 68473 a composite number?
False
Is 3163 composite?
False
Is 2179 prime?
True
Is 59281 prime?
True
Is 889 prime?
False
Is 4253 a prime number?
True
Is 9871 a composite number?
False
Is 902789 composite?
False
Is 27289 prime?
False
Is 127 a composite number?
False
Is 18811 a composite number?
True
Is 93979 a composite number?
False
Is 104459 composite?
False
Is 8419 prime?
True
Is 1849 composite?
True
Is 1388743 a composite number?
False
Is 27787 a composite number?
True
Is 242119 composite?
False
Is 18007 a composite number?
True
Is 1067 a prime number?
False
Is 41113 prime?
True
Is 244033 a composite number?
False
Is 67117 prime?
False
Is 139721 a composite number?
False
Is 228667 composite?
True
Is 932101 composite?
False
Is 868949 prime?
False
Is 511859 prime?
True
Is 2846 prime?
False
Is 34123 a composite number?
False
Is 48893 a prime number?
False
Is 2797 a composite number?
False
Is 1943 composite?
True
Is 60361 a prime number?
False
Is 19121 a composite number?
False
Is 570091 prime?
True
Is 26849 composite?
False
Is 13499 a prime number?
True
Is 435515 a composite number?
True
Is 643583 a composite number?
False
Is 1385437 a prime number?
True
Is 968593 a prime number?
True
Is 19913 composite?
False
Is 1061 composite?
False
Is 784442 a prime number?
False
Is 41095 composite?
True
Is 754599 a prime number?
False
Is 542193 a prime number?
False
Is 59 a composite number?
False
Is 1457 a composite number?
True
Is 22871 composite?
False
Is 2863 a composite number?
True
Is 4561 prime?
True
Is 505227 a prime number?
False
Is 101951 composite?
True
Is 200779 a prime number?
True
Is 16858 composite?
True
Is 277483 a prime number?
True
Is 392123 prime?
False
Is 143461 a prime number?
True
Is 167491 composite?
False
Is 124393 prime?
False
Is 38431 a composite number?
False
Is 81071 prime?
True
Is 381629 a prime number?
True
Is 21057 a composite number?
True
Is 2053 composite?
False
Is 232621 a prime number?
True
Is 1067411 composite?
False
Is 33071 composite?
False
Is 10487 prime?
True
Is 439069 prime?
False
Is 232003 composite?
False
Is 12011 a composite number?
False
Is 879745 a prime number?
False
Is 6311 a prime number?
True
Is 38989 composite?
True
Is 982741 a composite number?
False
Is 101617 composite?
True
Is 2443553 a prime number?
False
Is 26083 composite?
False
Is 35687 prime?
False
Is 450641 a prime number?
True
Is 7817 composite?
False
Is 186469 a composite number?
False
Is 22229 a prime number?
True
Is 120949 a prime number?
False
Is 54857 prime?
False
Is 36187 composite?
False
Is 482879 a composite number?
True
Is 21313 prime?
True
Is 81749 composite?
False
Is 901 a composite number?
True
Is 2729069 composite?
True
Is 871 a prime number?
False
Is 7534 a prime number?
False
Is 11633 a composite number?
False
Is 20021 composite?
False
Is 386006 a prime number?
False
Is 16969 a prime number?
False
Is 1332817 a prime number?
False
Is 41497 a prime number?
False
Is 2609 a prime number?
True
Is 1507531 a composite number?
False
Is 672967 prime?
True
Is 75743 prime?
True
Is 3989 a composite number?
False
Is 45161 prime?
True
Is 3109 composite?
False
Is 973193 prime?
False
Is 16661 a prime number?
True
Is 2302 a composite number?
True
Is 52951 prime?
True
Is 380903 a prime number?
False
Is 330899 a prime number?
True
Is 502301 composite?
False
Is 45587 prime?
True
Is 254 a prime number?
False
Is 209 prime?
False
Is 1657307 a prime number?
False
Is 1306 prime?
False
Is 255947 composite?
False
Is 3365 composite?
True
Is 1970563 composite?
True
Is 27037 composite?
True
Is 183283 composite?
False
Is 39499 a composite number?
False
Is 14851 composite?
False
Is 4541 a prime number?
False
Is 112183 prime?
False
Is 43919 composite?
True
Is 161969 composite?
False
Is 1052893 prime?
True
Is 431567 prime?
True
Is 251 a prime number?
True
Is 3193 a composite number?
True
Is 778007 a composite number?
True
Is 237997 composite?
False
Is 961433 prime?
False
Is 16759 prime?
True
Is 81881 prime?
False
Is 55921 a prime number?
True
Is 654697 a prime number?
True
Is 9991 prime?
False
Is 5273 a prime number?
True
Is 1901 a composite number?
False
Is 235439 composite?
False
Is 481 prime?
False
Is 11217 a composite number?
True
Is 17467 a prime number?
True
Is 180641 a prime number?
False
Is 12695 composite?
True
Is 1843 a composite number?
True
Is 17059 composite?
True
Is 64661 a prime number?
True
Is 1831 composite?
False
Is 155053 a composite number?
True
Is 4621 prime?
True
Is 35881 a prime number?
False
Is 1730281 prime?
False
Is 5171 prime?
True
Is 279311 composite?
False
Is 1149163 a prime number?
True
Is 131183 a composite number?
True
Is 3779 composite?
False
Is 2417 composite?
False
Is 251551 a composite number?
True
Is 7193 composite?
False
Is 69709 composite?
False
Is 10357 a prime number?
True
Is 631297 prime?
False
Is 721 a composite number?
True
Is 47839 a prime number?
False
Is 13657 a prime number?
False
Is 21451 composite?
True
Is 391213 a prime number?
False
Is 50021 composite?
False
Is 6939401 composite?
True
Is 11801 a composite number?
False
Is 19531 composite?
False
Is 14489 prime?
True
Is 9901 composite?
False
Is 226367 a composite number?
False
Is 133493 composite?
False
Is 31687 prime?
True
Is 5039 a composite number?
False
Is 18087 prime?
False
Is 59611 composite?
False
Is 272561 a composite number?
True
Is 16759 a prime number?
True
Is 284423 a prime number?
True
Is 1059446 a composite number?
True
Is 15991 composite?
False
Is 5897 a composite number?
False
Is 5839 prime?
True
Is 501 prime?
False
Is 260393 